 by 64?
28
What is the remainder when 1883 is divided by 1877?
6
Calculate the remainder when 211 is divided by 83.
45
Calculate the remainder when 842 is divided by 271.
29
Calculate the remainder when 400 is divided by 112.
64
What is the remainder when 393 is divided by 144?
105
What is the remainder when 59 is divided by 16?
11
Calculate the remainder when 1028 is divided by 27.
2
What is the remainder when 374 is divided by 8?
6
Calculate the remainder when 104 is divided by 42.
20
What is the remainder when 22 is divided by 21?
1
Calculate the remainder when 1474 is divided by 13.
5
Calculate the remainder when 91 is divided by 25.
16
Calculate the remainder when 118 is divided by 30.
28
Calculate the remainder when 146 is divided by 10.
6
What is the remainder when 698 is divided by 70?
68
Calculate the remainder when 2820 is divided by 113.
108
What is the remainder when 187 is divided by 96?
91
Calculate the remainder when 11188 is divided by 10.
8
What is the remainder when 51 is divided by 15?
6
What is the remainder when 15868 is divided by 128?
124
What is the remainder when 47 is divided by 13?
8
What is the remainder when 12732 is divided by 283?
280
What is the remainder when 68 is divided by 14?
12
Calculate the remainder when 555 is divided by 40.
35
Calculate the remainder when 132 is divided by 59.
14
What is the remainder when 191 is divided by 69?
53
Calculate the remainder when 588 is divided by 16.
12
Calculate the remainder when 56 is divided by 19.
18
Calculate the remainder when 1134 is divided by 28.
14
What is the remainder when 186 is divided by 51?
33
Calculate the remainder when 454 is divided by 80.
54
Calculate the remainder when 664 is divided by 57.
37
What is the remainder when 1444 is divided by 23?
18
Calculate the remainder when 341 is divided by 101.
38
What is the remainder when 48 is divided by 15?
3
What is the remainder when 81 is divided by 12?
9
What is the remainder when 38 is divided by 7?
3
Calculate the remainder when 42 is divided by 23.
19
Calculate the remainder when 364 is divided by 56.
28
Calculate the remainder when 257 is divided by 78.
23
Calculate the remainder when 183 is divided by 44.
7
What is the remainder when 3346 is divided by 50?
46
Calculate the remainder when 184 is divided by 179.
5
What is the remainder when 26 is divided by 8?
2
Calculate the remainder when 7831 is divided by 28.
19
What is the remainder when 776 is divided by 382?
12
What is the remainder when 348 is divided by 100?
48
What is the remainder when 254 is divided by 38?
26
Calculate the remainder when 821 is divided by 399.
23
What is the remainder when 887 is divided by 111?
110
Calculate the remainder when 468 is divided by 278.
190
Calculate the remainder when 836 is divided by 18.
8
What is the remainder when 413 is divided by 153?
107
Calculate the remainder when 3198 is divided by 100.
98
Calculate the remainder when 125 is divided by 16.
13
Calculate the remainder when 112 is divided by 57.
55
What is the remainder when 987 is divided by 38?
37
What is the remainder when 76 is divided by 24?
4
Calculate the remainder when 723 is divided by 33.
30
Calculate the remainder when 578 is divided by 281.
16
Calculate the remainder when 427 is divided by 88.
75
Calculate the remainder when 42622 is divided by 32.
30
What is the remainder when 638 is divided by 46?
40
What is the remainder when 171 is divided by 61?
49
Calculate the remainder when 8909 is divided by 270.
269
What is the remainder when 3977 is divided by 78?
77
What is the remainder when 12635 is divided by 324?
323
What is the remainder when 57 is divided by 29?
28
What is the remainder when 555 is divided by 117?
87
Calculate the remainder when 265 is divided by 45.
40
What is the remainder when 162 is divided by 39?
6
What is the remainder when 185 is divided by 19?
14
Calculate the remainder when 407 is divided by 61.
41
What is the remainder when 262 is divided by 134?
128
Calculate the remainder when 724 is divided by 357.
10
What is the remainder when 560 is divided by 66?
32
What is the remainder when 549 is divided by 274?
1
Calculate the remainder when 5569 is divided by 1853.
10
Calculate the remainder when 176 is divided by 45.
41
What is the remainder when 94 is divided by 70?
24
Calculate the remainder when 2941 is divided by 489.
7
What is the remainder when 7903 is divided by 155?
153
Calculate the remainder when 12504 is divided by 74.
72
Calculate the remainder when 308 is divided by 81.
65
Calculate the remainder when 1783 is divided by 8.
7
Calculate the remainder when 11277 is divided by 94.
91
Calculate the remainder when 1648 is divided by 110.
108
Calculate the remainder when 322 is divided by 33.
25
Calculate the remainder when 1163 is divided by 66.
41
What is the remainder when 20 is divided by 5?
0
Calculate the remainder when 440 is divided by 34.
32
What is the remainder when 132 is divided by 7?
6
Calculate the remainder when 2206 is divided by 123.
115
What is the remainder when 387 is divided by 71?
32
What is the remainder when 159 is divided by 73?
13
Calculate the remainder when 4572 is divided by 143.
139
Calculate the remainder when 201 is divided by 25.
1
Calculate the remainder when 441 is divided by 152.
137
Calculate the remainder when 104 is divided by 33.
5
What is the remainder when 699 is divided by 37?
33
Calculate the remainder when 31 is divided by 25.
6
What is the remainder when 26773 is divided by 175?
173
What is the remainder when 1065 is divided by 162?
93
What is the remainder when 2446 is divided by 18?
16
What is the remainder when 1334 is divided by 167?
165
What is the remainder when 540 is divided by 32?
28
Calculate the remainder when 4053 is divided by 14.
7
What is the remainder when 1645 is divided by 55?
50
Calculate the remainder when 209 is divided by 18.
11
What is the remainder when 113 is divided by 23?
21
Calculate the remainder when 332 is divided by 10.
2
Calculate the remainder when 1774 is divided by 89.
83
Calculate the remainder when 219 is divided by 22.
21
What is the remainder when 291 is divided by 111?
69
What is the remainder when 13997 is divided by 175?
172
Calculate the remainder when 224 is divided by 127.
97
Calculate the remainder when 360 is divided by 33.
30
Calculate the remainder when 267 is divided by 41.
21
What is the remainder when 235 is divided by 2?
1
What is the remainder when 786 is divided by 10?
6
Calculate the remainder when 232 is divided by 105.
22
What is the remainder when 177 is divided by 16?
1
Calculate the remainder when 575 is divided by 96.
95
What is the remainder when 4516 is divided by 22?
6
What is the remainder when 90 is divided by 21?
6
Calculate the remainder when 274 is divided by 25.
24
Calculate the remainder when 294 is divided by 59.
58
Calculate the remainder when 583 is divided by 128.
71
Calculate the remainder when 7533 is divided by 8.
5
Calculate the remainder when 62 is divided by 33.
29
Calculate the remainder when 279 is divided by 68.
7
Calculate the remainder when 8781 is divided by 46.
41
Calculate the remainder when 36 is divided by 23.
13
What is the remainder when 58 is divided by 15?
13
Calculate the remainder when 1931 is divided by 278.
263
What is the remainder when 836 is divided by 41?
16
Calculate the remainder when 6015 is divided by 376.
375
Calculate the remainder when 1114 is divided by 279.
277
What is the remainder when 206 is divided by 14?
10
Calculate the remainder when 1559 is divided by 104.
103
What is the remainder when 171 is divided by 70?
31
What is the remainder when 797 is divided by 25?
22
What is the remainder when 72 is divided by 35?
2
Calculate the remainder when 712 is divided by 710.
2
What is the remainder when 16739 is divided by 27?
26
What is the remainder when 515 is divided by 87?
80
Calculate the remainder when 462 is divided by 76.
6
Calculate the remainder when 375 is divided by 7.
4
Calculate the remainder when 682 is divided by 74.
16
Calculate the remainder when 579 is divided by 76.
47
What is the remainder when 384 is divided by 45?
24
What is the remainder when 5171 is divided by 2582?
7
What is the remainder when 6209 is divided by 90?
89
What is t